/4*o**4 + 4*o - 3/2*o**2 + o**3. What is a(-4)?
0
Let b(m) = -m + 11. Let l be b(9). Let o(r) be the third derivative of 0 + 0*r**3 - 1/24*r**4 + 0*r + r**2. Determine o(l).
-2
Let o(s) = -s**2 - 10*s - 12. Let q be o(-8). Let u(i) = -2*i - 3 + i**3 - 2*i + 6*i + q*i**2. Determine u(-4).
-11
Let r(a) = 3*a**2 - a + 2. Let q(c) = -c**3 + 4*c**2 + 3*c - 10. Let d be q(4). Determine r(d).
12
Let y(b) = -8*b - 4. Let l(i) = 16*i + 7. Let o(p) = -6*l(p) - 11*y(p). Determine o(2).
-14
Let r(w) = 4*w - 2. Let x(d) = -d. Let g(h) = r(h) + 5*x(h). Let n = 4 + -1. Determine g(n).
-5
Let o(s) = 2*s - 2. Let q be 0 - 1 - 7*-1. Let a = -4 - -8. Suppose a*c = c + q. Calculate o(c).
2
Let q = 16 + -10. Let z(i) be the second derivative of i**3/6 + i**2/2 + 4*i. Give z(q).
7
Let b(k) = k**2 - 5*k. Suppose -2*j + 3*j + 4 = -2*m, 2*j = 4*m - 24. Let p(u) = -2*u - 12. Let a be p(j). Determine b(a).
-4
Let a(r) be the third derivative of r**4/4 + r**3/6 + 2*r**2. Determine a(2).
13
Let i(v) = v**3 - v**2 + v + 12. Let x be (0/(-3 - -2))/1. Calculate i(x).
12
Let r be (-2 - (-3)/(-3) - -3) + -2. Let g(q) = 7*q + 1. Calculate g(r).
-13
Let a(w) = 4*w + 8. Let f(t) = t - 2. Let o be f(-2). Let i be a(o). Let x(g) = -g**2 - 8*g - 6. Calculate x(i).
-6
Let j = -4 - 1. Let a(l) = -l**3 - 6*l**2 - 8*l - 6. Calculate a(j).
9
Let w(s) = -1 - 2*s + s**2 + 4*s - 4*s. Let p be 0 - (-6)/(0 + -1). Let y(v) = -v**3 - 6*v**2 - 2. Let r be y(p). Give w(r).
7
Let j(p) = -p**2 + 4*p + 5. Suppose -8 = -2*m - 0*m. Suppose m*k + 8 = 4*g, -4*k = 3*g - 48 + 14. Give j(g).
-7
Let r(l) be the first derivative of l**4/4 + 4*l**3/3 - 7*l**2/2 + l - 3. Let d be 8/(-6) - 1/(-3). Let o be (1 - d)/(-2)*5. What is r(o)?
11
Let h(l) = 2*l + 1. Suppose 0 = 4*o + 4*d + 36 + 8, 0 = -d - 2. Let q be (-2)/(-3) - (-6)/o. Let c = 1 + q. Calculate h(c).
3
Let r(x) be the first derivative of x**4/4 + 7*x**3/3 + 7*x**2/2 + 7*x + 2. Give r(-6).
1
Let s(r) be the second derivative of -r**5/20 + r**4/3 + r**3/2 + 5*r**2/2 + 29*r. What is s(5)?
-5
Let r(q) be the second derivative of 0*q**2 + q - 1/12*q**4 + 1/20*q**5 + 0 - 1/6*q**3. Suppose -4*k + 3 = -k. Give r(k).
-1
Let m(p) = 13*p**3 - 6 + 5*p**3 - 22*p**3 + 5*p**3 - 6*p**2 + 6*p. What is m(5)?
-1
Let p(o) = -3*o + 2. Suppose 4*v = -k - 13, 0 = 5*k - 0*v + 3*v - 3. Calculate p(k).
-7
Let i(u) = -4*u. Suppose x + 6*b = 5*b, -b = 0. Let d = -2 - x. Determine i(d).
8
Let o(y) = 2*y**3 + 3*y**2 + y + 2. Suppose -34 = -3*k + 32. Suppose -j = -5*r + 9 + k, r - 2 = -4*j. Let q = -8 + r. Determine o(q).
-4
Let o be (-8 - -1)*(-5)/(2 + -7). Let w(d) = -d**2 - 6*d + 8. Give w(o).
1
Suppose -2*k - 4 = -10. Suppose -k = -t - 3*u, u + 0 = -t + 1. Let o(l) = l - 10. What is o(t)?
-10
Let h(q) = q**2 + 4*q - 6. Suppose -2*v = v - 2*f + 9, -f = v + 3. Let p be 2*-6*2/v. Let d = p + -13. Give h(d).
-1
Let v be 1 + -10*(2 + -1). Let j = v - -14. Let c(q) = q**2 - 6*q - 4. Determine c(j).
-9
Let u(a) = -3 - a**2 - 3*a + 2*a - 5*a + 0. Let y be 10/4*1*-2. Give u(y).
2
Let o(v) be the first derivative of 3*v**2/2 - 3*v - 4. Calculate o(5).
12
Let k(i) = i**3 - 5*i**2 + 2*i - 2. Let z(v) = -v**2 + 12*v + 5. Let x be z(12). Determine k(x).
8
Suppose 0 = 36*w - 34*w - 8. Let n(f) be the second derivative of 0 - 5/6*f**3 - 1/4*f**w - 1/20*f**5 - 2*f**2 - 2*f. What is n(-3)?
11
Let m(q) = -4*q**2 + 0 + q + 1 + 3*q**2. Let s(d) = -3*d**2 + 6*d + 7. Let h(u) = u**2 + 6*u - 1. Let l be h(-7). Let r(c) = l*m(c) - s(c). Give r(-1).
-4
Let o(i) = -6*i**3 + 2*i**2 - 1. Let t = -6 - -9. Suppose 6*d - t = 3*d. Determine o(d).
-5
Let v(a) = -3*a + 4. Let p(x) = 2*x**2 + 3*x + 1. Let i be p(-2). Let f be -1 + i + (0 - -1). Give v(f).
-5
Suppose 12 = 2*y + 6. Let t(f) be the first derivative of 5/3*f**3 + 6*f - y + 1/4*f**4 - 2*f**2. What is t(-6)?
-6
Let f(s) be the first derivative of 1/3*s**3 + 3*s + 5 - 3/2*s**2. Give f(4).
7
Let j(p) be the third derivative of -p**4/24 - 45*p**2. Let b be (-2)/(-4)*2/1. Calculate j(b).
-1
Let k(g) = -g**3 - 4*g**2 - 5*g - 4. Suppose l - 3*l - 6 = 0. Give k(l).
2
Let n be 9/(-6)*(1 - 3). Let w(r) = -r**3 + 3*r**2 + r - 7. Let p be w(n). Let f(l) = l**3 + 5*l**2 + 4*l + 6. Determine f(p).
6
Let w(t) = -t - 1. Suppose 2*j - 14 - 2 = -3*u, j + 5*u = 22. Let x(f) = 6 + 0*f + 4*f - 3 + j*f**2. Let s(m) = 3*w(m) + x(m). Give s(-2).
6
Suppose g - 5*g = -5*m - 4, g - 1 = -m. Suppose 3*q = 4*j - j + 9, 4*q + j - 22 = m. Let k(h) = 4*h**2 - 1 - 2 - h**3 + 6*h + 0*h. Calculate k(q).
2
Let g be (2 + -1)*(2 + 0). Let w(r) = -r + r**2 + 0*r - 3*r - g + 2*r. Calculate w(3).
1
Let x(b) be the second derivative of b**3/3 - 2*b**2 - 2*b. Suppose -5 = -2*f - 2*d + 5, -20 = -4*f - d. Calculate x(f).
6
Let r(j) = j + 2. Let p be r(0). Let q(f) = -f - f**p - f + 1 - 4*f**2 + 4*f**2. Determine q(-4).
-7
Suppose 2*d + 2*o - 28 = o, 0 = d + o - 16. Suppose 4*t + 0*t = -d. Let r(w) = -4*w**2 - 6*w + 2*w**2 + w**2 - 1 - 3. What is r(t)?
5
Let x(u) be the first derivative of -u**2/2 + 4*u - 6. Calculate x(5).
-1
Let k(f) = -f**2 + 2*f - 2. Let m = -63 - -117. Suppose 4*t - t - 2*l + 40 = 0, 0 = 4*t - 2*l + m. Let o be 4/6 - t/6. Determine k(o).
-5
Let i(u) = -u**2 + 7*u + 8. Let b = -8 - -15. What is i(b)?
8
Suppose 0*x = -5*x. Suppose -k + v = -7, 3*k - 19 = -x*k + 2*v. Let a(n) = -n + 3. Determine a(k).
-2
Suppose 2*u + 3*l - 1 = 0, 18 = 5*u - 2*u - l. Suppose u*m - 11 = -1. Suppose 1 = -t - m. Let b(g) = -3*g - 4. Calculate b(t).
5
Let c(z) be the third derivative of -z**4/6 - 19*z**2. Determine c(-5).
20
Let f(v) = -9*v**3 + 2*v**2 - 2*v + 1. Let w be -3*(-3)/9*1/1. Calculate f(w).
-8
Let m(s) be the first derivative of -s**4/4 + 5*s**3/3 - s**2/2 + 3*s - 12. Determine m(5).
-2
Let p(a) = -a**2 + 1. Let q be p(-1). Let b be q + 24/((-8)/(-2)). Let v(m) be the third derivative of -m**4/24 + m**3/3 - m**2. Calculate v(b).
-4
Let r(d) = d**2 + 5*d + 4. Let u(l) = -l + 2. Let g = 3 - -5. Let j be u(g). Give r(j).
10
Let v(z) = -z. Suppose 2*g + 40 = 5*w, -7*w = -2*w - 5*g - 55. What is v(w)?
-6
Let m(b) = -b - 1. Let o(j) = 7*j + 3. Let w(a) = -5*m(a) - o(a). Calculate w(2).
-2
Let d = 5 + -3. Let v(i) be the third derivative of 0*i + 0 + 1/12*i**4 - 1/6*i**3 - i**2 + 1/60*i**5. What is v(d)?
7
Let x(j) = 3*j - 1. Suppose 3*t - 5*c = 22, -5*c - 32 = 4*t - 3. Give x(t).
-4
Let c(s) be the first derivative of 5*s**2/2 - 2*s - 1. Let f(r) = -5*r + 2. Let d(j) = 3*c(j) + 4*f(j). Suppose -v + 2*v - 2 = 0. Determine d(v).
-8
Let w(t) = -t**2 - 4*t - 3. Let g = 2 + 9. Let j = 9 - g. Determine w(j).
1
Let l(f) = -f - 1. Let b be l(3). Let g(w) be the first derivative of -1/4*w**4 - 6 - 2*w - 5/3*w**3 - 2*w**2. Calculate g(b).
-2
Let k(u) = -u + 14. Let g(o) = -o - 1. Let w be g(-9). Calculate k(w).
6
Suppose 0 = o + 5*i + 17, 2 = 4*o - 2*o + i. Let z be o + (-9 + 3 - 3). Let q = 0 - z. Let n(a) = -a**3 + 5*a**2 + 7*a - 6. Calculate n(q).
0
Let t(u) = -u**3 - 5*u**2 + 6*u - 6. Let y be 2/(-3) + (-112)/21. Determine t(y).
-6
Suppose -g + 2*g = 6. Let j(v) = 19*v - 3 + 11 - 20*v. Give j(g).
2
Let w(v) be the first derivative of -3*v - 2/3*v**3 - 8 + 2*v**2. What is w(2)?
-3
Let k(l) = -l + 11. Suppose -5*f = 5*r - 45, -5*f - 13 = -r - 34. What is k(f)?
6
Let g(o) = 0*o**2 - 7*o**3 + 0*o**2 + o**2. Suppose -2*k = w - 7*k - 12, 0 = -4*w + 4*k + 16. Suppose 0 = -3*f - w*f + 5. Calculate g(f).
-6
Let x(i) = -i**3 - 5*i**2 + i + 5. Let p(h) be the first derivative of h**3/3 - 11*h**2/2 + 13*h + 3. Let v be p(9). Determine x(v).
0
Let q be 3/9 - 100/(-6). Suppose 0*a - q = 3*x + a, -4*x + 3*a - 14 = 0. Let f be (-5)/1*(-4)/x. Let r(h) = h**3 + 4*h**2 + h. What is r(f)?
-4
Suppose 24 = 10*k - 7*k. Let h(y) = -2*y + 12. Give h(k).
-4
Let s(w) = w**2 + 7*w + 1. Suppose 19*p - 20*p - 8 = 0. What is s(p)?
9
Let n be (-12)/(-2)*3/3. Let h = n + 1. Let u(q) = 4*q**3 + h*q - 7*q. Give u(1).
4
Let k be ((-50)/(-30))/((-10)/(-12)). Let a(m) = -6*m + 2. Give a(k).
-10
Let k(d) = -2*d + 4. Let y(x) = -x**3 + 2*x + 1. Let f be y(-2). Give k(f).
-6
Let x(q) = -7*q**2 + 29*q + 8. Let a(h) = 3*h**2 - 14*h - 4. Let i(m) = 9*a(m) + 4*x(m). Determine i(-5).
21
Let k(s) = 3 + 4*s**3 + 4*s + 0 - 3*s**3 - 5*s. Suppose 12 = -7*h + 4*h, 4*d = 4*h + 16. Give k(d).
3
Let s be 12/28 + (-36)/(-14). Let n(q) = s*q + 9 - 2*